 highest common factor of 609 and 672.
21
What is the greatest common factor of 60 and 94404?
12
Calculate the highest common divisor of 802990 and 1416.
118
Calculate the highest common factor of 141 and 84741.
141
What is the highest common factor of 25584 and 16848?
624
What is the greatest common divisor of 4295464 and 8?
8
What is the greatest common divisor of 13368 and 264?
24
What is the greatest common divisor of 1229615 and 465?
155
Calculate the highest common divisor of 143898 and 174.
174
Calculate the highest common divisor of 179 and 98092.
179
Calculate the highest common divisor of 58 and 2840463.
29
Calculate the highest common divisor of 3056 and 272.
16
Calculate the greatest common divisor of 892889 and 5028.
419
What is the greatest common divisor of 144 and 183708?
36
What is the highest common divisor of 1275 and 2715?
15
What is the greatest common divisor of 169800 and 4050?
150
What is the highest common divisor of 248160 and 1210?
110
Calculate the greatest common factor of 498912 and 96.
96
Calculate the greatest common factor of 1254 and 25093794.
1254
Calculate the highest common factor of 103215 and 420.
105
What is the greatest common divisor of 3988 and 1213349?
997
Calculate the highest common factor of 256 and 1513024.
64
Calculate the highest common factor of 40108 and 41192.
1084
Calculate the greatest common divisor of 51030 and 630.
630
Calculate the highest common divisor of 3382 and 187834.
38
What is the greatest common divisor of 17889 and 1005?
201
Calculate the highest common factor of 10850 and 112375.
775
Calculate the highest common factor of 26770 and 10.
10
What is the greatest common divisor of 14870 and 320?
10
What is the highest common factor of 10 and 15430?
10
Calculate the highest common factor of 18870 and 30.
30
Calculate the greatest common factor of 6414625 and 105.
35
What is the highest common factor of 46 and 322?
46
Calculate the highest common divisor of 3493954 and 562.
562
What is the highest common factor of 975 and 13425?
75
What is the greatest common divisor of 85482 and 81?
27
Calculate the highest common factor of 192 and 904.
8
Calculate the greatest common factor of 4897706 and 19.
19
Calculate the highest common divisor of 869 and 308.
11
Calculate the highest common factor of 49868 and 6384.
28
Calculate the highest common factor of 295 and 751483.
59
What is the greatest common divisor of 9510 and 9105?
15
What is the greatest common factor of 105 and 35952?
21
What is the greatest common divisor of 88020 and 80?
20
Calculate the greatest common factor of 1080 and 80805.
15
Calculate the highest common factor of 1175879 and 4237.
223
What is the highest common factor of 4500 and 4350?
150
Calculate the highest common divisor of 4420 and 14020.
20
Calculate the highest common factor of 30738 and 188.
94
What is the highest common divisor of 91149 and 207?
69
What is the highest common divisor of 3795 and 1870?
55
What is the highest common factor of 4930 and 2860?
10
Calculate the greatest common factor of 2696 and 264.
8
Calculate the greatest common divisor of 8 and 106616.
8
What is the highest common factor of 845 and 17420?
65
Calculate the highest common factor of 6317 and 5.
1
Calculate the highest common divisor of 8586 and 7314.
318
Calculate the highest common factor of 102254 and 656.
82
What is the greatest common divisor of 20905 and 58195?
565
Calculate the highest common factor of 2481550 and 3100.
1550
What is the highest common divisor of 5230530 and 1068?
534
Calculate the greatest common factor of 230576 and 16.
16
What is the highest common divisor of 13299 and 7579?
143
What is the greatest common factor of 24897 and 301?
43
Calculate the greatest common factor of 2976 and 2880.
96
Calculate the highest common divisor of 20576 and 1248.
32
Calculate the greatest common divisor of 7942 and 2774.
38
What is the greatest common divisor of 21951945 and 1017?
1017
What is the highest common factor of 389 and 5686402?
389
What is the highest common divisor of 38472 and 63?
21
What is the greatest common divisor of 859033 and 175?
7
Calculate the highest common divisor of 59850 and 15.
15
Calculate the highest common factor of 20689 and 68.
17
Calculate the greatest common divisor of 283360 and 154.
154
Calculate the highest common divisor of 2867 and 28999.
47
Calculate the greatest common factor of 48 and 239116.
4
What is the highest common divisor of 3507309 and 65?
13
Calculate the greatest common divisor of 1398 and 72.
6
What is the highest common factor of 20 and 27410?
10
What is the greatest common factor of 99 and 287716?
11
What is the highest common factor of 4512 and 1952?
32
What is the greatest common divisor of 65984 and 448?
64
Calculate the highest common factor of 123227 and 26.
13
Calculate the greatest common factor of 70 and 538874.
14
What is the greatest common divisor of 120528 and 864?
432
Calculate the highest common factor of 2520 and 344295.
315
Calculate the greatest common divisor of 721 and 89341.
7
Calculate the highest common factor of 4 and 160652.
4
What is the highest common factor of 4550 and 7325?
25
Calculate the highest common divisor of 216 and 665196.
12
Calculate the highest common factor of 5520 and 3749.
23
What is the greatest common factor of 17886 and 561?
33
Calculate the greatest common factor of 63450 and 375.
75
What is the greatest common divisor of 2813184 and 576?
576
What is the highest common factor of 440 and 82560?
40
Calculate the highest common factor of 206874 and 1728.
54
What is the greatest common factor of 210298 and 9638?
158
What is the greatest common factor of 928 and 5742?
58
What is the greatest common divisor of 1001 and 913?
11
Calculate the highest common factor of 50454 and 396.
18
Calculate the greatest common divisor of 1474 and 1754797.
737
Calculate the greatest common divisor of 400422 and 132.
66
Calculate the greatest common divisor of 224 and 8932.
28
What is the greatest common divisor of 5454 and 11918?
202
Calculate the greatest common factor of 98 and 27426.
14
What is the highest common factor of 309855 and 910?
455
What is the highest common factor of 1507389 and 26?
13
What is the highest common factor of 1833 and 185274?
141
What is the greatest common divisor of 90324 and 5184?
36
What is the highest common divisor of 371 and 3080413?
371
Calculate the highest common divisor of 594 and 345411.
297
What is the greatest common divisor of 132741 and 63?
63
Calculate the greatest common factor of 14448 and 22274.
602
Calculate the greatest common divisor of 152 and 43130.
38
What is the highest common divisor of 814 and 46805?
407
Calculate the greatest common divisor of 38161 and 186.
31
Calculate the greatest common divisor of 228 and 829540.
76
What is the highest common divisor of 67161 and 183?
183
Calculate the greatest common divisor of 98001 and 9.
9
Calculate the greatest common divisor of 15755 and 15985.
115
Calculate the greatest common divisor of 633 and 3189.
3
What is the highest common divisor of 520 and 2920?
40
Calculate the highest common factor of 238194 and 18.
18
Calculate the greatest common divisor of 8768 and 448.
64
What is the highest common divisor of 18192 and 384?
48
What is the greatest common divisor of 2088684 and 52?
52
Calculate the greatest common factor of 494 and 33478.
38
What is the highest common divisor of 18095 and 18480?
385
Calculate the greatest common divisor of 54964 and 23296.
364
What is the greatest common factor of 1086011 and 579?
193
What is the highest common divisor of 2064 and 15000?
24
What is the greatest common divisor of 3196 and 248630?
94
What is the highest common divisor of 15781 and 43?
43
Calculate the highest common factor of 6919164 and 126.
126
What is the greatest common factor of 95 and 2350?
5
What is the highest common factor of 63 and 738878?
7
Calculate the greatest common divisor of 333 and 38739.
111
What is the highest common factor of 759 and 891?
33
What is the highest common factor of 155 and 354733?
31
What is the highest common factor of 50 and 91160?
10
Calculate the greatest common divisor of 137 and 85625.
137
What is the highest common factor of 1033477 and 916?
229
What 